{"id":47,"date":"2022-05-11T15:44:33","date_gmt":"2022-05-11T13:44:33","guid":{"rendered":"http:\/\/kurzurlaub.mv-hauswaldesruh.de\/?page_id=47"},"modified":"2022-05-11T15:56:14","modified_gmt":"2022-05-11T13:56:14","slug":"herzlich-willkommen","status":"publish","type":"page","link":"http:\/\/kurzurlaub.mv-hauswaldesruh.de\/","title":{"rendered":"Herzlich Willkommen"},"content":{"rendered":"\t\t<div data-elementor-type=\"wp-page\" data-elementor-id=\"47\" class=\"elementor elementor-47\">\n\t\t\t\t\t\t<section class=\"elementor-section elementor-top-section elementor-element elementor-element-81d5990 elementor-section-boxed elementor-section-height-default elementor-section-height-default wpr-particle-no wpr-jarallax-no wpr-parallax-no wpr-sticky-section-no wpr-equal-height-no\" data-id=\"81d5990\" data-element_type=\"section\" data-e-type=\"section\">\n\t\t\t\t\t\t<div class=\"elementor-container elementor-column-gap-default\">\n\t\t\t\t\t<div class=\"elementor-column elementor-col-100 elementor-top-column elementor-element elementor-element-992cc62\" data-id=\"992cc62\" data-element_type=\"column\" data-e-type=\"column\">\n\t\t\t<div class=\"elementor-widget-wrap elementor-element-populated\">\n\t\t\t\t\t\t<div class=\"elementor-element elementor-element-0ca79c2 elementor-widget elementor-widget-text-editor\" data-id=\"0ca79c2\" data-element_type=\"widget\" data-e-type=\"widget\" data-widget_type=\"text-editor.default\">\n\t\t\t\t<div class=\"elementor-widget-container\">\n\t\t\t\t\t\t\t\t\t<p>Wir freuen uns \u00fcber Ihren Besuch und w\u00fcnschen Ihnen<br \/>einen sch\u00f6nen Aufenthalt, in Norddeutschland !<br \/>Genie\u00dfen Sie ein paar sch\u00f6ne Tage in mecklenburg vorpommern. Wir haben neue Lastminute\u00a0<a href=\"https:\/\/hotelhauswaldesruh.com\/vacation-details_4.html\">Angebote, gleich reinschauen es lohnt sich.<\/a><\/p>\t\t\t\t\t\t\t\t<\/div>\n\t\t\t\t<\/div>\n\t\t\t\t\t<\/div>\n\t\t<\/div>\n\t\t\t\t\t<\/div>\n\t\t<\/section>\n\t\t\t\t<section class=\"elementor-section elementor-top-section elementor-element elementor-element-d2e0e18 elementor-section-boxed elementor-section-height-default elementor-section-height-default wpr-particle-no wpr-jarallax-no wpr-parallax-no wpr-sticky-section-no wpr-equal-height-no\" data-id=\"d2e0e18\" data-element_type=\"section\" data-e-type=\"section\">\n\t\t\t\t\t\t<div class=\"elementor-container elementor-column-gap-default\">\n\t\t\t\t\t<div class=\"elementor-column elementor-col-100 elementor-top-column elementor-element elementor-element-4e5ed0b\" data-id=\"4e5ed0b\" data-element_type=\"column\" data-e-type=\"column\">\n\t\t\t<div class=\"elementor-widget-wrap elementor-element-populated\">\n\t\t\t\t\t\t<div class=\"elementor-element elementor-element-3f38d34 elementor-widget elementor-widget-heading\" data-id=\"3f38d34\" data-element_type=\"widget\" data-e-type=\"widget\" data-widget_type=\"heading.default\">\n\t\t\t\t<div class=\"elementor-widget-container\">\n\t\t\t\t\t<h2 class=\"elementor-heading-title elementor-size-default\">MECKLENBURGER SEENPLATTE<\/h2>\t\t\t\t<\/div>\n\t\t\t\t<\/div>\n\t\t\t\t\t<\/div>\n\t\t<\/div>\n\t\t\t\t\t<\/div>\n\t\t<\/section>\n\t\t\t\t<section class=\"elementor-section elementor-top-section elementor-element elementor-element-2916d84 elementor-section-boxed elementor-section-height-default elementor-section-height-default wpr-particle-no wpr-jarallax-no wpr-parallax-no wpr-sticky-section-no wpr-equal-height-no\" data-id=\"2916d84\" data-element_type=\"section\" data-e-type=\"section\">\n\t\t\t\t\t\t<div class=\"elementor-container elementor-column-gap-default\">\n\t\t\t\t\t<div class=\"elementor-column elementor-col-100 elementor-top-column elementor-element elementor-element-e195d2e\" data-id=\"e195d2e\" data-element_type=\"column\" data-e-type=\"column\">\n\t\t\t<div class=\"elementor-widget-wrap elementor-element-populated\">\n\t\t\t\t\t\t<section class=\"elementor-section elementor-inner-section elementor-element elementor-element-11b305b elementor-section-boxed elementor-section-height-default elementor-section-height-default wpr-particle-no wpr-jarallax-no wpr-parallax-no wpr-sticky-section-no wpr-equal-height-no\" data-id=\"11b305b\" data-element_type=\"section\" data-e-type=\"section\">\n\t\t\t\t\t\t<div class=\"elementor-container elementor-column-gap-default\">\n\t\t\t\t\t<div class=\"elementor-column elementor-col-50 elementor-inner-column elementor-element elementor-element-c2165a6\" data-id=\"c2165a6\" data-element_type=\"column\" data-e-type=\"column\">\n\t\t\t<div class=\"elementor-widget-wrap elementor-element-populated\">\n\t\t\t\t\t\t<div class=\"elementor-element elementor-element-805d48a elementor-widget elementor-widget-text-editor\" data-id=\"805d48a\" data-element_type=\"widget\" data-e-type=\"widget\" data-widget_type=\"text-editor.default\">\n\t\t\t\t<div class=\"elementor-widget-container\">\n\t\t\t\t\t\t\t\t\t<p><em>&#8220;Wenn Sie die Mecklenburger Seenplatte mit den vielen Seen, W\u00e4ldern, M\u00fcritz Nationnalpark, Wanderwegen und Radwege kennen lernen m\u00f6chten und die erholsame Atmosph\u00e4re bei einer Kutschfahrt, beim Angeln, Golfen, Reiten oder beim Kanu fahren oder Ihnen nur ein herzhaftes Essen im Hotel Restaurant zusagt, kommen Sie zu uns nach Mecklenburg-Vorpommern in den sch\u00f6nen Ort F\u00fcnfseen(Petersdorf).<\/em><\/p>\t\t\t\t\t\t\t\t<\/div>\n\t\t\t\t<\/div>\n\t\t\t\t\t<\/div>\n\t\t<\/div>\n\t\t\t\t<div class=\"elementor-column elementor-col-50 elementor-inner-column elementor-element elementor-element-cb35ee3\" data-id=\"cb35ee3\" data-element_type=\"column\" data-e-type=\"column\">\n\t\t\t<div class=\"elementor-widget-wrap elementor-element-populated\">\n\t\t\t\t\t\t<div class=\"elementor-element elementor-element-e65933d elementor-widget elementor-widget-text-editor\" data-id=\"e65933d\" data-element_type=\"widget\" data-e-type=\"widget\" data-widget_type=\"text-editor.default\">\n\t\t\t\t<div class=\"elementor-widget-container\">\n\t\t\t\t\t\t\t\t\t<p><em>&#8220;Ein Naturerlebnis ist der Badestrand Lenz am Plauer See mit seinen sch\u00f6nen Sonnenunterg\u00e4ngen. Wenn Sie einen Familienurlaub bei Malchow planen und ein Boot haben, k\u00f6nnen Sie dieses am hauseigenen Bootsanleger (Bitte fragen Sie nach, ob noch was frei ist) festmachen. Auf dem Plauer See befindet sich eine Wasserskistrecke und es gibt auch zahlreiche Angelm\u00f6glichkeiten. Planen Sie eine gr\u00f6\u00dfere Feier dann ist unser Saal (bis 100 Personen) genau das Richtige. Lassen Sie sich von uns ein Angebot machen.&#8221;<\/em><\/p>\t\t\t\t\t\t\t\t<\/div>\n\t\t\t\t<\/div>\n\t\t\t\t\t<\/div>\n\t\t<\/div>\n\t\t\t\t\t<\/div>\n\t\t<\/section>\n\t\t\t\t\t<\/div>\n\t\t<\/div>\n\t\t\t\t\t<\/div>\n\t\t<\/section>\n\t\t\t\t<\/div>\n\t\t","protected":false},"excerpt":{"rendered":"<p>Wir freuen uns \u00fcber Ihren Besuch und w\u00fcnschen Ihneneinen sch\u00f6nen Aufenthalt, in Norddeutschland !Genie\u00dfen Sie ein paar sch\u00f6ne Tage in mecklenburg vorpommern. Wir haben neue Lastminute\u00a0Angebote, gleich reinschauen es lohnt sich. MECKLENBURGER SEENPLATTE &#8220;Wenn Sie die Mecklenburger Seenplatte mit den vielen Seen, W\u00e4ldern, M\u00fcritz Nationnalpark, Wanderwegen und Radwege kennen lernen m\u00f6chten und die erholsame Atmosph\u00e4re bei einer Kutschfahrt, beim Angeln, Golfen, Reiten oder beim Kanu fahren oder Ihnen nur ein herzhaftes Essen im Hotel Restaurant zusagt, kommen Sie zu uns nach Mecklenburg-Vorpommern in den sch\u00f6nen Ort F\u00fcnfseen(Petersdorf). &#8220;Ein Naturerlebnis ist der Badestrand Lenz am Plauer See mit seinen sch\u00f6nen Sonnenunterg\u00e4ngen. Wenn Sie einen Familienurlaub bei Malchow planen und ein Boot haben, k\u00f6nnen Sie dieses am hauseigenen Bootsanleger (Bitte fragen Sie nach, ob noch was frei ist) festmachen. Auf dem Plauer See befindet sich eine Wasserskistrecke und es gibt auch zahlreiche Angelm\u00f6glichkeiten. Planen Sie eine gr\u00f6\u00dfere Feier dann ist unser Saal (bis 100 Personen) genau das Richtige. Lassen Sie sich von uns ein Angebot machen.&#8221;<\/p>\n","protected":false},"author":1,"featured_media":0,"parent":0,"menu_order":0,"comment_status":"closed","ping_status":"closed","template":"","meta":{"footnotes":""},"class_list":["post-47","page","type-page","status-publish","hentry"],"acf":[],"_links":{"self":[{"href":"http:\/\/kurzurlaub.mv-hauswaldesruh.de\/index.php?rest_route=\/wp\/v2\/pages\/47","targetHints":{"allow":["GET"]}}],"collection":[{"href":"http:\/\/kurzurlaub.mv-hauswaldesruh.de\/index.php?rest_route=\/wp\/v2\/pages"}],"about":[{"href":"http:\/\/kurzurlaub.mv-hauswaldesruh.de\/index.php?rest_route=\/wp\/v2\/types\/page"}],"author":[{"embeddable":true,"href":"http:\/\/kurzurlaub.mv-hauswaldesruh.de\/index.php?rest_route=\/wp\/v2\/users\/1"}],"replies":[{"embeddable":true,"href":"http:\/\/kurzurlaub.mv-hauswaldesruh.de\/index.php?rest_route=%2Fwp%2Fv2%2Fcomments&post=47"}],"version-history":[{"count":11,"href":"http:\/\/kurzurlaub.mv-hauswaldesruh.de\/index.php?rest_route=\/wp\/v2\/pages\/47\/revisions"}],"predecessor-version":[{"id":89,"href":"http:\/\/kurzurlaub.mv-hauswaldesruh.de\/index.php?rest_route=\/wp\/v2\/pages\/47\/revisions\/89"}],"wp:attachment":[{"href":"http:\/\/kurzurlaub.mv-hauswaldesruh.de\/index.php?rest_route=%2Fwp%2Fv2%2Fmedia&parent=47"}],"curies":[{"name":"wp","href":"https:\/\/api.w.org\/{rel}","templated":true}]}}